 -5).
-3
Evaluate (7 - 0) + -3 + -1 + 0.
3
Calculate -2 - -9 - (102 + -99).
4
11 - (4 + -2 + 5)
4
4 - (3 - (0 + -2))
-1
What is -5 + 0 + 29 + -29 + 8?
3
What is the value of (-1 - (-6 - -5)) + -6 - 1?
-7
Calculate 2 + (2 - 5) - (-4 + 1).
2
12 - (7 + 2 - -4)
-1
What is the value of -20 - -20 - (-1 + 1 - -9)?
-9
What is 5 - (-8 + 13) - (10 + -3)?
-7
Calculate -1 + (3 - (0 + 1)).
1
Evaluate (-2 - -1) + (1 - -2).
2
What is the value of -7 + (-5 - -3) + 6?
-3
Evaluate (-2 - 3) + 1 + -3 + 3.
-4
Calculate -2 + -6 + 5 - -1.
-2
Evaluate (2 - 1 - 7) + 7.
1
Evaluate -5 - -4 - (0 - (-1 + 0)).
-2
-1 + 5 + 0 - 7
-3
Calculate 1 + -1 + -3 - -4.
1
What is the value of 4 + (-1 + 5 + 0 - 3)?
5
15 + -3 + -18 + 9 + -1
2
Calculate 1 - (5 + (1 - 3)).
-2
Calculate -3 - (-6 + (1 - 0) - -3).
-1
What is 8 + -4 + (-2 - -1)?
3
Evaluate -10 + 3 + 3 - -4 - 6.
-6
Evaluate 21 - 14 - -8 - 10.
5
Evaluate -2 + (11 - 0 - 7).
2
Evaluate (-5 - (1 - 5)) + -2.
-3
What is (1 - 2) + 5 + -2?
2
Evaluate (-4 - -2) + 3 - 1.
0
What is the value of -4 + -6 + 12 + (9 - 1)?
10
What is the value of -61 + 64 + (0 - 0 - -3)?
6
What is the value of 3 + ((-8 - -6) + 2 - -3)?
6
11 - (-3 - -12) - (0 - -6)
-4
What is the value of -4 + 4 + 2 + 3 + -1?
4
What is 2 + -10 + -42 + 48?
-2
What is 4 + -1 + (3 - 5)?
1
What is the value of 1 + 2 + (0 - (10 + -14))?
7
0 + (-1 + 3 - 0 - 6)
-4
2 - (19 + -7 - 17)
7
What is 7 + (-6 - (-8 - -7)) + 4?
6
Evaluate 0 + 4 + -1 + (0 - -2).
5
What is the value of 2 - (5 + 5 + -7 + -5)?
4
Calculate 8 + -4 + -9 - (-4 + 0).
-1
2 - (3 + -1 - (-4 - -1))
-3
What is the value of 5 + (-3 - -1) + 1?
4
What is -2 + (1 - 1 - -6)?
4
Evaluate 6 - (6 - (3 - -2)).
5
-1 + 0 + 61 + -60
0
What is the value of (-4 - -5) + 5 + -2?
4
2 - (1 - (1 + -4))
-2
-1 - (-2 - (-3 + -2))
-4
Calculate 9 - ((15 - 9) + 9).
-6
What is the value of -8 - (2 + -12 - (-8 + 13))?
7
What is 3 - -2 - (-49 - -50)?
4
Calculate -1 - (-9 + 7) - (0 + -2).
3
-5 + (1 - (-2 - 2)) - 8
-8
Calculate (0 - (1 + 2)) + 3 - -5.
5
Calculate 6 - (-1 + 9 + -5).
3
3 + 0 + 6 + -4
5
(10 + -1 - -10) + -12
7
What is the value of (-4 - 1) + 10 + -2 + -4?
-1
What is the value of (252 - 242) + (-2 - -1)?
9
What is the value of 7 + -4 + -4 + -3?
-4
What is 10 + (-9 - 2) + -8?
-9
Calculate (6 + -13 - (-20 - 1)) + -8.
6
Evaluate (1 - 3) + (7 - 7).
-2
What is the value of 0 - 2 - (-9 - -11)?
-4
What is the value of 4 + 11 - (11 - (-6 - -13))?
11
Calculate (-2 - 2 - 14) + 6 - -3.
-9
What is the value of (17 - 16) + (-1 - 0) + -2?
-2
What is the value of (8 - (-3 - -5)) + (2 - 2)?
6
What is the value of 0 + -3 + 7 + -2?
2
What is the value of (33 - 23) + -4 + 4 + -1?
9
Evaluate -3 + (-3 - -4) - (2 + 0).
-4
What is -9 + (-7 - -15) - 3?
-4
Calculate 0 - 0 - 2 - (-109 - -108).
-1
What is the value of (19 - 25) + (-3 - -13)?
4
Evaluate (-1 - 2) + (20 - (-2 - -24)).
-5
(-1 - 0) + (3 - (8 + -2))
-4
Calculate -3 - (-2 + -1 + -3 + 1).
2
Calculate (2 - 6 - (-1 + 4)) + 2.
-5
Evaluate -14 + (24 - -2) + -9.
3
What is the value of 7 - (-6 - ((3 - 2) + -15))?
-1
Evaluate 0 + 9 + 9 + -14.
4
Evaluate -4 + (-5 - -8) - (-3 - -1).
1
-2 + (-1 + (-6 - -4) - -8)
3
Evaluate -7 + (-2 + 2 - (-5 - -1)).
-3
What is the value of (-4 - -12) + (-10 - 0)?
-2
What is the value of -3 + (1 - (4 + -5)) - 4?
-5
Evaluate (-10 + 7 - 1) + 2 + 0.
-2
Evaluate (4 - 4) + 2 - (-11 - -8).
5
What is the value of 1 + 1 + -5 + 6?
3
Evaluate 5 + -10 - -9 - 2.
2
Evaluate 6 - (-4 + (11 - 4)).
3
What is -4 + -6 + 6 + -2 - -14?
8
Calculate 3 + -2 + (-2 - (-9 - -14)).
-6
What is (4 + -3 - -2) + -1?
2
Calculate -2 - (-5 - (0 + (7 - 5))).
5
What is the value of (0 - -2) + 15 + -16?
1
What is 3 + 0 + (1 - 0) + -9?
-5
Calculate -5 + 1 + 9 - (2 - 2).
5
What is (5 + -12 - (-1 + -3)) + 4?
1
Evaluate (5 - 2) + 2 - 1 - 4.
0
(145 - 153) + 1 + -1 + -1
-9
What is 1 + (2 - -2) + -7?
-2
What is the value of -3 - (-1 - (-3 - 0))?
-5
-7 - (-6 + 1) - (-6 + 0)
4
Evaluate -4 + (0 - (9 - 6)).
-7
Evaluate -8 - -14 - 6 - 3.
-3
What is the value of -2 - (2 + -7) - 5?
-2
Evaluate -3 + 4 - (-20 + 18).
3
Calculate (4 - 15) + 1 + 9.
-1
Calculate -1 + (-1 - (8 - 3)).
-7
Calculate 11 + -1 + -6 + -2.
2
What is (2 - -2) + (12 - (2 + 7))?
7
Calculate -7 - (7 + -5 + -4).
-5
Calculate (-1 + 2 - 0) + (3 - 7).
-3
Calculate (-5 - -2) + -1 + 1.
-3
-3 - ((-2 - -2) + -2 + -7)
6
Evaluate -3 - ((5 - 4) + -1 + 1).
-4
Evaluate (-3 - 0) + 4 + -2.
-1
Calculate -1 + 7 - (1 + 5 + -6).
6
Evaluate -4 - -2 - (-31 + 23).
6
Evaluate -11 + -3 + -3 + 13 - -6.
2
What is the value of -9 - (-10 - (6 + -10))?
-3
What is the value of (5 - 8) + 2 + 0 - -2?
1
Calculate -38 + 46 - (-1 + 0 - -6).
3
Evaluate (-10 - -5 - 1 - -1) + 3.
-2
Evaluate -8 - -10 - ((-6 - 1) + 3).
6
What is the value of 7 - (2 - -2 - -3)?
0
What is the value of (-14 + 10 - 9) + 9?
-4
Calculate 2 + -3 + (18 - 11).
6
5 + -3 - 1 - (0 + 2)
-1
What is the value of 2 - (4 + (-3 - -1) + -5)?
5
Evaluate -4 + 16 + -11 - 3.
-2
What is (-2 - 0) + (-48 - -53)?
3
Evaluate (1 - -14) + -8 - 2.
5
What is the value of -9 + 8 + (6 - 0)?
5
(5 - 2) + (-2 - -2)
3
Calculate (3 - 1 - 1) + -27 + 31.
5
Evaluate -7 + 0 + (1 - (-1 - 1)).
-4
Calculate -196 - -205 - (15 + 1).
-7
What is the value of (-2 - (0 - -2)) + 1 - -1?
-2
Calculate 3 + -2 + -3 + -3 + 4.
-1
What is the value of -5 + 0 - (1 + -3)?
-3
What is -1 + -4 + 92 + -88?
-1
Calculate 3 + -4 + 4 + 6 - 1.
8
Evaluate 5 + -5 + -3 + 1.
-2
Evaluate (7 - 1 - 4) + (-3 - -1).
0
-7 - ((-1 - 2 - -3) + -5)
-2
Evaluate (6 - (-5 - -5)) + -6.
0
-6 + 0 + 5 + 0 + 0
-1
What is -2 - (3 + (2 - 4 - 1))?
-2
What is -16 + 5 + 1 + 6?
-4
-2 - (3 + 2 + -2)
-5
(3 - 0) + (-14 - -14)
3
What is the value of -3 - ((0 - -2) + -5 + 4)?
-4
Evaluate -4 + -1 - (-12 + 3).
4
Evaluate (-3 - 8) + 9 + -3.
-5
What is the value of 2 + -3 + 1 + -5?
-5
What is the value of 18 - 20 - ((3 - -1) + -2)?
-4
What is the value of -3 - -1 - (-4 + 2 + 3)?
-3
Calculate 19 - 8 - (1 + 16).
-6
Evaluate 2 + -1 + 0 + 4 + -10.
-5
Evaluate 0 + 7 - 1 - 0 - 2.
4
Evaluate 6 + -2 + 3 + 5 + -13.
-1
Calculate 3 + -6 + 3 - 2.
-2
What is the value of 7 + -6 + 0 + -6?
-5
Evaluate 6 + -10 + (7 - 2).
1
(0 - -4) + 12 + -19 + 5
2
What is (2 - 0) + -5 + 4 + -6?
-5
Evaluate -23 + 14 - -13 - 4.
0
1 - 1 - (27 + -23)
-4
(7 - 5) + (0 - (-1 + 3))
0
Calculate -1 + 3 - (-22 - -26) - -2.
0
What is the value of -3 + (11 - 3) - (10 - 0)?
-5
0 + -1 + 0 + (14 - 14)
-1
Evaluate -3 + 2 - (-9 - (4 + -8)).
4
Evaluate -3 - (5 - (0 + 5)).
-3
Calculate 8 - 5 - -7 - 13.
-3
What is the value of 10 + -22 + 4 + 3?
-5
What is 8 - (4 + (-7 - -13))?
-2
What is the value of (4 - (1 - -3)) + 1?
1
-6 + (8 - -2 - 5) + 5
4
What is 1 + 5 - (11 + 0 + -8)?
3
(-7 - (-1 - 7)) + -1 + 0
0
Calculate 6 - (3 - (-1 + 0)).
2
What is 0 - (-2 - -4 - -3)?
-5
What is 3 + -4 - (-3 + 2 - 0)?
0
5 + -15 - (-9 - 1)
0
What is the value of -1 - (-3 - (-7 - -4)) - -3?
2
Evaluate (-1 - -1 - 0) + -1 + 0.
-1
What is the value of -5 + 9 + -10 + 7 - 12?
-11
What is the value of (-25 - -26) + (1 - -2)?
4
What is the value of 2 - -2 - ((9 - 5) + -5)?
5
What is the value of (3 - -10) + -2 - (-22 - -24)?
9
What is 0 - (7 + (-4 - -1))?
-4
What is the value of 1 - (6 - 5) - (1 - -3)?
-4
1 - 10 - (10 - (17 + -3))
-5
-1 + -2 - -2 - (4 + -7)
2
What is the value of 0 + (-22 - -14) - (0 - 17)?
9
What is the value of 10 - (4 + (2 - -1))?
3
Evaluate 0 + 6 + -44 + 40 - -5.
7
Calculate -3 + -6 + 5 + -1.
-5
3 + -5 - (4 + -8)
2
What is -8 + -14 - (-5 + -8)?
-9
Evaluate 25 + -18 - (-2 - 0).
9
What is the value of 4 - ((11 - 6 - 7) + 5)?
1
Evaluate 8 - 3 - (5 - 4).
4
Evaluate 0 - (3 - (7 - 2)).
2
Evaluate -3 + 2 + -1 + (-23 - -22).
-3
What is -2 + 8 - (1 + 9)?
-4
Evaluate -1 - 2 - (-12 + 6).
3
Calculate 4 + (-2 - (2 + -1)).
1
What is the value of -6 + -2 + 6 + 5?
3
(3 - -2) + -3 + (0 - -1)
3
Evaluate 8 - ((-5 - -2) + (-13 - -17)).
7
-3 + -2 + 6 + -5
-4
Evaluate (-2 + 1 - -3) + -2.
0
4 + (-2 - 0) - (1 - -6)
-5
Calculate (16 + 6 - 8) + -7.
7
Evaluate (8 - 6) + (-2 - 5).
-5
Calculate 4 - 1 - (8 - 3).
-2
Calculate -4 - ((3 - 20) + 6 - 1).
8
-1 + -2 + (-3 - -2) + 1
-3
15 + -9 - (1 - -3)
2
Calculate -2 - ((1 - 2) + 4 - 6).
1
What is -1 + 9 + (100 - 96) - 7?
5
-26 + (21 - -6) + 0 + 1
2
-7 + 7 + (3 - 5)
-2
Calculate 11 - 5 - (6 - (-5 + 7)).
2
Calculate (6 - -8) + (5 + -13 - -1).
7
Calculate -2 + 3 + -5 + 3 - 3.
-4